3)) + 2 + -4.
-3
Calculate 1 + 1 + -4 + 3.
1
9 + (5 - (9 + 4)) + 1
2
-10 - ((7 - 7) + 6 + -8)
-8
What is (1 - (1 + -1)) + 2 + 2?
5
What is (-5 - (-2 - -15)) + 12?
-6
Calculate 3 + (-9 + 1 - -1).
-4
1 - ((3 - 4 - -6) + -2)
-2
5 + -13 + 0 + (0 - -3)
-5
What is -4 + 5 + 4 + -2 + -3?
0
What is the value of -11 + (-4 - (-15 - -5))?
-5
Evaluate 14 + -5 + 4 + -6 - 3.
4
What is -4 + 0 + (-6 + 13 - 1)?
2
What is the value of -7 + 5 - -6 - 6?
-2
Evaluate 1 - 3 - -6 - 0.
4
0 + 6 + -4 + 1
3
What is the value of 1 - (-5 + 0 + 2) - 2?
2
What is -5 - -9 - (0 + -1)?
5
What is the value of (3 - (1 - 1) - 2) + 4?
5
What is -11 + -2 + (12 - 4)?
-5
1 - (3 - (3 - 7) - 3)
-3
Evaluate 6 - (7 + -5 + -1).
5
Calculate -1 + 0 + -2 + (62 - 62).
-3
What is -6 - (-3 - (-6 + 2 - -6))?
-1
(2 - (-6 - (0 + -7))) + 1
2
What is the value of -1 - 1 - (-8 + 3 + 4)?
-1
Calculate -2 - -1 - (17 - 13).
-5
Calculate -4 + 7 + -5 + 1 + 3.
2
Calculate 2 - (-3 + (-4 - -7)) - -1.
3
2 + (-4 - (2 + -4))
0
-1 + (-4 - -5) - (3 + 1)
-4
Evaluate 4 + -4 + -4 + 3.
-1
What is the value of -4 - (-8 - (10 - 7))?
7
Evaluate -12 + 2 + 9 + -1 + 0.
-2
Evaluate -5 - (-2 + 1) - (-2 + 0).
-2
Calculate (3 - (-5 - -7)) + 3.
4
What is -5 + 2 - (-8 - -3)?
2
What is (1 - 1) + -26 + 27?
1
Evaluate (8 - 6) + -4 - (1 - 4).
1
What is the value of -124 + 120 + (4 - (-2 - -4))?
-2
What is (5 - 8) + 17 - 22?
-8
Evaluate -10 + -1 + 7 + -4.
-8
Calculate 2 - ((6 - 1) + 1 + -8).
4
Evaluate 3 - (-5 - (-3 + -6)).
-1
What is the value of 12 + -18 + -3 + 7?
-2
Calculate -6 - (-1 - -3 - (4 - 1)).
-5
1 + -2 - (-2 - (-10 + 4))
-5
What is (12 - 14) + 2 + 2?
2
0 + 0 + -1 + (-6 - -3)
-4
Evaluate 5 - ((1 - (0 - 6)) + -5).
3
(0 - (-1 - 1)) + 10 + -17
-5
What is 0 + 5 - (32 - 23)?
-4
What is the value of -23 - (12 - 22) - -15?
2
Evaluate 18 - 22 - (-1 - 2) - -5.
4
What is the value of -4 + 6 - 15 - -7?
-6
Calculate 1 + (8 - (3 + 0)) - 1.
5
What is the value of 50 - 54 - (0 - (1 + 4))?
1
Evaluate 4 - (18 + -3) - -3.
-8
What is 21 - (14 - 9) - 9?
7
Calculate -305 + 297 - (-1 - 14).
7
Calculate ((-3 - -2) + 1 - -1) + 0.
1
Evaluate (-3 - 1) + (-7 - -3 - -8).
0
What is the value of -1 + -4 + 8 + -2?
1
What is the value of -6 + (5 - 0) - -2?
1
What is the value of 0 - (4 - 2 - 4)?
2
Evaluate -8 + 1 + 1 + 4 + -4.
-6
Calculate (2 - 6) + 5 + 1 + -1.
1
Calculate 2 - (16 - 8) - (0 - 13).
7
What is -6 + 8 + 6 + -5?
3
What is -12 + -13 + 26 + 1?
2
What is 0 + -6 + 12 + -1?
5
Evaluate 1 - (9 - (3 - -3)) - 3.
-5
What is (0 + 9 - 2) + -1?
6
(1 - 1) + (5 - 2)
3
Evaluate -8 + (0 - (-14 + 6)).
0
Evaluate 2 + (8 - 14) + -1.
-5
What is 9 + -1 + -6 + (-4 - 2)?
-4
-12 + (-12 - -11) + 12
-1
Calculate 2 - (6 - (-7 + -7 + 15)).
-3
Calculate (2 - 1) + 2 + -6.
-3
What is 9 + (-2 - 1) - 3?
3
Evaluate (-6 - -5) + 2 + 0.
1
What is the value of (4 - 2 - -1) + (-4 - -5)?
4
Calculate 0 + -3 - (-92 + 91).
-2
Evaluate (3 - -4) + (-2 - 17 - -12).
0
What is the value of 1 + -4 + 2 - (-2 - 0)?
1
What is the value of 67 + -72 + 1 + -2?
-6
Evaluate 5 + -6 - (-2 + 1).
0
Calculate -3 - (-4 - (-4 + 4)) - 0.
1
What is (1 - -2) + -2 + -1 + -1?
-1
Calculate -3 - ((2 - -1) + -13).
7
Evaluate -1 - (-11 + 13) - 4.
-7
Evaluate 4 + 0 + -4 + 7 - 5.
2
What is the value of 5 - (15 + -13 + -6)?
9
90 - 90 - (-1 - 5)
6
Evaluate -33 - -43 - (9 + 0).
1
-9 - (-7 - (5 + -10))
-7
What is -9 - 1 - (15 - 24)?
-1
What is the value of -16 - -8 - -5 - -2?
-1
What is the value of (-1 - (1 - 1)) + (5 - -1)?
5
Evaluate (-9 - -8 - (0 - 2)) + 3.
4
What is -4 - (-5 + 4 + -3)?
0
Calculate -8 + (4 - 0) + 3.
-1
Calculate (0 - 3) + 4 + 5 + -5.
1
Calculate -2 + 0 + -1 + -5 + 12.
4
What is -2 - (2 + -2 - 1)?
-1
What is -4 + (11 - (-7 + 14))?
0
-5 - (-8 + 7) - 1
-5
What is 2 - (10 - (-5 + (-2 - -11)))?
-4
What is the value of (0 - (-5 + 0 + 4)) + -1?
0
Calculate (-2 - (7 + -4)) + 0 + 2.
-3
Calculate 16 + -22 - (-4 + 0).
-2
Calculate 8 - (3 + (4 - 3)).
4
Calculate 5 + -2 - (-1 + 4).
0
What is the value of 6 - 1 - (-2 - -5)?
2
What is 2 + 4 + (2 - 1)?
7
What is -6 - (-2 - 1 - -2)?
-5
Evaluate -1 - (1 + 1) - (12 + -16).
1
What is 8 + 0 - 6 - 5?
-3
Evaluate -4 + 9 + (-2 - 8).
-5
What is -2 + (-8 - -17) + -9?
-2
Evaluate (9 - (1 - -12)) + 8.
4
3 - (-3 - (1 - 2 - 6))
-1
Evaluate 1 + 0 + -1 + 318 + -310.
8
0 + (-6 - 0) + 2
-4
Evaluate -1 - (-2 + 14 - 12).
-1
What is -2 + -1 - (17 + (-14 - 10))?
4
What is the value of -6 - -1 - (12 - 22) - 6?
-1
What is 1 + -5 + (6 - (-5 + 0))?
7
What is the value of 0 + (-2 - 1 - -4)?
1
Evaluate 0 + 15 - (-30 + 38).
7
3 + -3 - 7 - -7
0
Evaluate 3 + (0 - (3 + (-3 - -1))).
2
-1 + 2 - -2 - (-3 - -9)
-3
Calculate -4 - (1 + 0 + 0).
-5
What is the value of 2 + (-3 - -12 - (-6 - -10))?
7
What is the value of 2 - (6 + -5) - (3 + 1)?
-3
8 - (0 + (5 - 0)) - 4
-1
What is the value of 2 + (-3 - 5) + 5 + 3?
2
Evaluate -5 - -12 - 1 - (4 + -2).
4
What is the value of 4 - 3 - (11 - (9 - 4))?
-5
What is 4 + -4 + (4 - 6) - -1?
-1
-3 - (3 - 11 - 0)
5
Calculate 2 - (-5 + 6 + -5 - -3).
3
-2 - (0 + -4 + 3 + -1)
0
Calculate -10 - (4 + (-8 - -1)).
-7
Evaluate 4 + (-6 - -5) - 2.
1
Calculate (-1 + 4 - 5) + 1.
-1
What is -2 + 1 + 0 + 0?
-1
What is the value of 2 + -1 - 6 - -10?
5
Evaluate 7 + -10 + 1 + 1.
-1
What is (-1 - (0 - 0)) + -143 + 146?
2
What is (2 - -1) + -2 + (1 - 0)?
2
What is the value of -2 - 6 - (-7 - (-5 - -3))?
-3
Evaluate 1 - 5 - (7 - 10).
-1
(-3 - (-14 + 19)) + 11
3
What is the value of -5 + 0 + (13 - 4)?
4
Evaluate -20 - -14 - (4 + -4).
-6
What is 4 - (-4 - ((1 - -3) + -17))?
-5
Evaluate 1 - 0 - 9 - (2 - 6).
-4
13 - (8 - 12 - -23)
-6
What is 2 - ((8 + -8 - -5) + 1)?
-4
What is the value of 5 + (-7 - 18) + 11?
-9
Evaluate -12 - -5 - 10 - -13.
-4
Evaluate 2 + -3 - (0 + -2 + 4).
-3
Calculate 8 + (-10 - (4 - 7)).
1
What is -4 + -1 - (-3 - (5 + -7))?
-4
1 - (-2 + -1 + 4 + -4)
4
Evaluate 1 - (2 + -2) - 8.
-7
Calculate (18 - 15) + (-5 - 1) + 2.
-1
What is the value of (2 - -4) + (2 - 4 - 1)?
3
Calculate (-26 - -28) + -2 + -1.
-1
Evaluate -1 + 8 + -3 + -13.
-9
What is 0 - (0 + -5) - (123 + -113)?
-5
Calculate (-1 - 3 - -1) + 12 + -14.
-5
What is the value of 1 + -4 + 5 + -1 + -3?
-2
What is 1 - (8 - (4 + -2))?
-5
Calculate -3 - (2 + -4 + 0).
-1
What is -2 - -1 - (-9 - -8)?
0
Evaluate (-1 + 2 - 1) + -6 + 7.
1
Calculate 10 + 0 + (2 - (1 + 3)).
8
What is the value of 2 + (4 - 6 - -1) + -3?
-2
7 - (10 - -7 - 9)
-1
-7 + 2 + 2 + 2 - -2
1
What is (1 - 1 - 3) + -10 + 19?
6
What is 7 + 1 + (5 - 11)?
2
(0 - (4 + 2)) + 5 - 5
-6
What is the value of (2 - 10 - -4) + -1?
-5
Evaluate (-10 - (5 - 7 - -5)) + 4.
-9
14 + -2 + -2 + -7
3
5 - (7 + (-1 - 8))
7
Evaluate -2 - 0 - (18 - 19).
-1
What is 1 - 2 - (-2 - -3)?
-2
Calculate 5 - (5 - 0) - 4.
-4
Calculate 4 + -1 + -3 - -1.
1
What is (-7 - -15) + 12 + 0 - 9?
11
What is 1 + (-5 - (4 + -4) - -3)?
-1
What is 6 - (-3 + (1 - -4 - 1))?
5
2 + (0 - (3 + -2 + 3))
-2
Calculate -2 + 0 + (-5 + 9 - -3).
5
Evaluate 4 - (-3 - -5 - 2 - -7).
-3
What is the value of -8 + 2 - (-12 + 10)?
-4
What is the value of 4 - 1 - (1 - 2)?
4
Evaluate (-6 - -5) + 5 + -3.
1
Calculate -1 + -4 - -1 - -3.
-1
Evaluate -1 + 0 + 104 + -95.
8
3 - (-2 + -4 - -4)
5
-16 - (5 + -11 - -1)
-11
-2 + (-4 + -1 - -8) - -2
3
What is the value of (-2 - 1) + (0 - -2) + 4?
3
4 + (-2 - -1 - (6 + -6))
3
0 + (4 - (4 + -3 - -2))
1
8 + -15 + 2 + 8
3
Evaluate 10 - ((3 - -13) + -14).
8
What is (-5 - -20 - 10) + (-3 - 2)?
0
Calculate 3 + (-1 - (5 + 2)) - -1.
-4
Calculate 2 + 1 + 0 + 33 + -37.
-1
What is the value of (5 - 5) + -2 - -7 - 5?
0
What is the value of (8 - 1) + 5 + -8 + 1?
5
Evaluate -7 + 7 - (-3 + 7 + -6).
2
Evaluate 7 + -13 - 5 - -9.
-2
(-2 - -2 - -1) + -2
-1
Evaluate -9 + (4 - (-3 - -1)).
-3
Calculate (0 - (-1 + 2)) + -6 + -1.
-8
Evaluate 9 - 3 - (3 - -5).
-2
Evaluate (-1 - -4 - 7) + 9 + -2.
3
What is the value of 1 + (-9 - -6) + 4 + -3?
-1
What is -10 + -1 + 8 + -2?
-5
What is (0 + 1 - 2) + (-7 - -5)?
-3
Calculate 11 - (7 + -12 - -18).
-2
Calculate (-7 + 2 - 0) + -5 + 5.
-5
Calculate -8 + -3 - (1 + 7 + -14).
-5
(-9 - -10 - -5) + -9
-3
What is the value of -2 - ((-5 - -5) + -7)?
5
7 + -16 - (3 - 16)
4
What is -14 + 9 + 2 + 5?
2
Evaluate 0 + 0 + (100 - 96).
4
What is (0 - -5) + -7 + -3?
-5
What is 9 - (-2 + 4 - (-27 + 23))?
3
What is the value of -2 - (2 - (-3 - 3))?
-10
What is the value of 5 - 0 - (15 - (1 + 8))?
-